ue of (-1 - 30) + (137 - 91)?
15
What is (13 - (18 + -38)) + -62?
-29
Calculate 2410 - 2421 - (0 + -11).
0
What is (3 - 7) + (152 - 126)?
22
What is -8 + (3 - 10 - (-2 - (5 + -8)))?
-16
What is 9 + 30 - 18 - (-1 + 9)?
13
What is the value of 1 + -20 - -9 - -22?
12
30 - (-23 + -5 - -25)
33
What is 2 + (-9 - -1) + -113 + 118?
-1
Evaluate (-5 - (8 + -10)) + (-2 - 2).
-7
8 - (-7 + 4 + -5 + 4)
12
Evaluate -48 - -63 - (1 - (3 + -2)).
15
Calculate (-38 + 48 - (15 - (0 + -2))) + -22.
-29
What is 6 - ((0 - 6 - -4) + (10 - -6))?
-8
Evaluate -12 + (-7 - -7) + 13 - 27.
-26
Calculate (3 - 1) + -16 + 6 + 1 + 48.
41
Evaluate (-12 - -21) + (-20 + 11 - -16).
16
0 + (6 - -1 - -3) + (86 - 108)
-12
17 + 4 + 4 + (-2 - 8)
15
7 - 2 - (-5 - -10)
0
Calculate -30 + (-8 - (-18 + (11 - 13))).
-18
-14 - -24 - -9 - 10 - (24 + -1)
-14
2 - (2 - (9 + -39))
-30
Evaluate -15 - (-4 + 8 - 17).
-2
What is the value of -7 + (-3 + -5 - -5 - 0)?
-10
Evaluate (3 - (2 - -7)) + (3 - 2) + 5.
0
Calculate -4 + (-4 - (-13 - 0)) + (8 - 2).
11
What is the value of (1 - 9) + (32 - (10 - -24)) + 10?
0
What is the value of -103 + 126 + -37 - (1 + -9 - 1)?
-5
What is (-10 + 1 - (16 + 34 + -65)) + 12?
18
What is (-5 - (15 + 40)) + 26?
-34
Calculate -13 - (7 - 38 - (0 + -11)).
7
Calculate (210 - 222) + (-3 - 1).
-16
837 + -831 + (3 - ((-5 - -3) + 2))
9
What is -1 - (-13 - -24) - -14?
2
What is the value of -4 - (-13 - -5) - 5?
-1
-3 + (2 - 1) - (29 - 34)
3
What is the value of 56 - (-9 + 2 + 39)?
24
Evaluate -5 + 1 + 0 + (1 + -3 - -3).
-3
0 + 7 + 4278 + -4302
-17
(6 - 16 - -2) + 17
9
Calculate 47 + -39 + -19 + 2 - -50 - 9.
32
What is the value of 3 + 11 + 6 + -12?
8
What is 19 - (18 + -22 + -2 + 1 + 11)?
13
What is (1 - -2) + -5 + 16?
14
What is the value of (1 - 3) + -3 + (1 - (7 + -4))?
-7
Calculate -3 + 2 + -32 + -74 + 87.
-20
-1 + 9 + -15 + (-2 - 1)
-10
Calculate 0 + 1 + (4 - 9) + 74 + -72.
-2
Evaluate 15 + -3 - (-7 + 16) - -4.
7
Evaluate -5 + 25 - (42 + -3).
-19
Calculate -9 - (-3 - (4 - (-15 + 21))).
-8
Evaluate (2 - 4) + 5 - 0 - (-82 + 88).
-3
What is the value of -8 - 0 - ((465 - 449) + (-7 - 1))?
-16
What is 0 + (1 - -7) + (5042 - 5036)?
14
Evaluate -1 + 0 + (-20 - (15 - 84 - -13)).
35
What is (-6 - (3 + (-11 - 0))) + -5 + 6?
3
Evaluate -5 + -3 - (2 - (6 + 2)).
-2
Calculate 2 + -9 + (-1 - -1) - (74 + -86).
5
What is -3 - (2 + -1 + -45 + 50)?
-9
What is -5 + 0 - (-1 + -5 + -48 + 59)?
-10
Evaluate (-34 - (-18 + 30)) + 24.
-22
Evaluate 14 + -6 + ((-14 - -7) + -3 - -26).
24
What is the value of 18 + (18 - 19) + -33 + 18?
2
What is the value of -3 + 7 + 1 + -7 - 1 - -13?
10
What is the value of -7 - 0 - (-6 - -23 - 13)?
-11
(6 - 16) + (3 + -1 - -7)
-1
What is (25 - 28) + -11 + -2?
-16
Evaluate -3 - (-2 + -1 + -4 - 0) - 7.
-3
What is 1 + -6 + -18 + 9?
-14
What is the value of -267 + 279 + (-1 - 1)?
10
Evaluate 17 + -9 + 5 + -5 + 3.
11
What is ((0 - 0) + 11 - 1) + (-12951 - -12926)?
-15
What is (-14 - 3 - -8 - (3 + -14)) + -40?
-38
What is (-13 + 0 - (0 - 6)) + (1 - -4)?
-2
What is the value of -8 - ((26 - 18) + 3 + (-8 - -4))?
-15
-13 + -4 + 7 - (-11 - -15)
-14
Evaluate 114 - 113 - (-30 - -4).
27
What is the value of -7 + 13 - (113 - 120)?
13
What is (-14 + 3 - (-34 + -13)) + 0?
36
What is -5 + 2 - ((-82 - -44) + 22)?
13
Calculate 14 + (1 - 18) + 14.
11
-3 + 15 - (0 + 10 - (-2 + 14))
14
-23 + 35 + -25 + -1 + 27
13
Evaluate -7 - -29 - 3 - (-1 - -9).
11
What is (-11 - (-8 + -1) - -9) + -3?
4
What is 24 - ((-3 - 2) + 9 + -17 + 16)?
21
Evaluate (8 - 1) + 21 + -8.
20
What is the value of -3 - (1 + 2 + 16) - (-30 + 23)?
-15
Evaluate -16 + 0 + 527 + -501.
10
What is (8 - -9) + -16 - (8 - 1)?
-6
Evaluate -1 + 1 + 4 + -5 + 0 + 18.
17
Calculate (12 - 2) + -2 + 8 + -11 + -5.
0
-13 + 6 + 7 + -5
-5
(2 - 28 - -45) + -31
-12
-51 + (-27 - -46) + 56
24
-27 + 16 + (-1 - (3 + 8))
-23
Calculate -3 - 1 - -18 - (-70 + 72).
12
Calculate 5 - (-3 + -13 + 11).
10
What is 12 + (7 + -10 - -7 - 12)?
4
What is the value of -22 - (-3 - 10) - -12?
3
What is the value of (-3 - 0) + (45 - 41) + -8 + -1?
-8
Evaluate -4 + (-2 - (0 + -4)) + 4 + 4.
6
What is the value of 17 + -1 + -1 - (855 + -833)?
-7
Evaluate -102 + 97 + -11 + 1.
-15
What is 0 + -1 + -4 + 8 + -10?
-7
Calculate -17 - -4 - -13 - -6.
6
Calculate 0 - (-2 - -3 - -1 - 0) - -8.
6
Evaluate (-13 - -18 - -15) + -37 + (0 - -4).
-13
Calculate (31 - 26) + 13 + -37.
-19
Calculate 34 + (-17 - (15 + -43 + 20)).
25
(-8 - (13 - -3)) + 10 + 3
-11
-5 + 22 - ((10 - 6) + 10)
3
Evaluate 9 + -1 + (1 - (9 - (4 + 7))).
11
Evaluate (-17 + 14 - -16) + -14.
-1
What is -61 + 69 - (-1 - -16) - (-5 - -4)?
-6
What is 10 - (-18 + (-14 + 15 - -6))?
21
(-3 - -28 - 26) + (0 + 4 - 1)
2
What is the value of -4 + -3 - -8 - 4 - (4 + 1)?
-8
Calculate -10 - (-9 + (-3 - (9 + -10))).
1
Calculate (4 - 60) + 58 + -21.
-19
Calculate -1 + -1 + -5 + (-26 - -39).
6
What is the value of -3 + -2 + 15 + -14?
-4
Evaluate 60 - (-39 + 97) - (28 + 0).
-26
What is 15 - (11 + 16 + -2) - (0 + -10)?
0
Evaluate (13 + -5 - (13 + 3 + 5)) + -8.
-21
2 - ((2 - 1) + 0 + -65 + 64)
2
-3 - -44 - 10 - (-12 - -15)
28
(-164 - -163) + 1 + -14 + -9
-23
14 + (5 - (-4 + 5 + 5))
13
Evaluate -55 - (8 + (-6 - 48)).
-9
Calculate (19 - (-18 + 72)) + 1 - -13.
-21
Calculate -1 + -20 + (11 + (6 - 4) - 5).
-13
-11 + 8 + 3 - 9 - -1
-8
5 + 11 - 22 - (0 - 1)
-5
What is the value of 9 + -11 + (-17 - -13)?
-6
19 - ((-6 - -33) + 11)
-19
Evaluate 7 - (0 + -3 + 7).
3
-1 - ((-22 - 14) + 26)
9
Evaluate 10 + 14 + 19 - 28.
15
2 - (-12 - (-8 + 3) - (-25 + 4))
-12
What is the value of 7 - 8 - -21 - (3 + -3)?
20
What is the value of -3 - -10 - (2 - 1 - (6 + -30))?
-18
What is the value of -1 - -3 - -4 - (37 - 36)?
5
-3 + (7 - ((-3 - (4 - 7)) + 6))
-2
What is 2 - (-3 + -4 - (-12 + (12 - 3)))?
6
0 + -18 + (-4 - (-5 - 6 - -2))
-13
Calculate -7 + 90 + -84 + (-13 - (0 + 0)).
-14
What is -14 - (-14 + (2 - 12))?
10
-31 + 5 - (-8 + -2 - 1)
-15
Evaluate -13 - (7 + -17 - -7).
-10
What is the value of 4 + -1 + (1 - 13 - -6) + -4?
-7
What is the value of (7 - 6) + (-10 + -4 - -21)?
8
What is 26 - (21 - (-12 - -11))?
4
Calculate -19 + (-5 - -12) + (-3 + 4 - -4).
-7
(-11 - -26) + -1 + -15
-1
Evaluate -1 + -3 + -11 + -14 + 20.
-9
What is (3 - -61) + 501 + -547?
18
What is (6 - 7) + 17 + -15 + -3 + -1?
-3
-9 - (8 + (-18 - -2) - 4)
3
Evaluate 4 + -4 + -4 + 16.
12
What is -30 - (-31 + 8 + 13)?
-20
What is -13 - ((-18 - 22) + 28)?
-1
What is the value of 14 + -2 + (0 - -8) + -21?
-1
Evaluate 17 + 0 - (37 - (-47 - -85)).
18
Evaluate 7 + 1 + (-7 - 11 - 1) - 7.
-18
What is 816 + -818 + 0 + 20?
18
Evaluate 4 + (-9 + 18 - 17) + 17 + -27.
-14
28 - (-12 + (5 - (-19 - -9)))
25
What is the value of -13 - -39 - (13 - 0)?
13
Calculate 28 + (20 - (-10 + 31)).
27
What is 6 + (27 - -6) + -52?
-13
Evaluate 0 + -2 + -549 + 548.
-3
What is (7 - (5 + -4 - -4)) + -4 + 11?
9
Calculate 3 - 3 - -3 - 7 - (5 + -4).
-5
What is the value of (5 - 11) + 14 + -30?
-22
(3 + -5 - (15 - 19)) + -14
-12
What is the value of (1 - 12) + 4 - (1 + 5 + 1)?
-14
What is (2 + -2 - 14) + (-93 - -90)?
-17
What is (-3 - -7 - 3) + 9?
10
-31 - -33 - (-15 + 4 + -3)
16
What is 15 + 14 + (16 - 33)?
12
What is the value of 13 - 11 - (-5 + 1 + -4)?
10
Calculate -21 + 11 - -11 - 1.
0
Calculate (-35 - -14) + 20 + 1 + -4 + 26.
22
Calculate 11 + (7 + -14 - -5) + -19.
-10
Evaluate -7 + 12 + 5 + -30.
-20
Evaluate 12 + (11 + -16 - 1 - 1) - 17.
-12
What is the value of (4 - 10) + -2 + -9 + 1?
-16
What is 6 + (-9 - (-25 - -19))?
3
What is the value of (-367 - -349) + (-24 - -5)?
-37
(11 - 23) + 10 - (2 - 5)
1
Calculate 14 + (-6 - 26) + (2 + 0 - -3).
-13
19 - (-25 - -28) - 39
-23
Calculate -1 - (7 - 4 - (-10 - -12) - 8).
6
Calculate (0 - 4 - (6 + -3 + -4)) + 8.
5
What is (-3 - 2) + 194 + -161?
28
Calculate -16 + 21 - 23 - -4.
-14
(28 - 28) + 8 - 12
-4
Calculate 2 + (-14 - -43 - (-10 + 11)).
30
What is 4 - (-30 + 5 + 9 + -2)?
22
-158 + 158 + (-1 - (-1 + -2))
2
What is -15 + -10 + 9 + 38 + -10 + 1?
13
-2 + (20 - 1) + -14
3
Calculate 17 + -20 + -3 + 7.
1
-28 - -8 - (-5 + (3 - (5 - 5)))
-18
What is the value of (19 - 6) + -14 - 5?
-6
19 + -18 - ((-6 - (0 - 2)) + 0)
5
Calculate 18 - (21 - 18) - 17.
-2
What is 4 - (-5 + -2 + 2 + 13) - -8?
4
What is (27 - 31 - 3) + -1 + -2 + 3?
-7
What is 4 - (-4 - (-1 - 1) - -11)?
-5
Evaluate -6 - (-9 - (8 - 9))